me factors of u.
2, 151
Let r(o) = -o + 521. Let a(x) = -x**3 + 9*x**2 + 10*x. Let m be a(10). Let i be r(m). Suppose 3*w - i = -155. What are the prime factors of w?
2, 61
Let u(h) = h**2 + 22*h + 69. Let d be u(-23). Let k = 87 + d. What are the prime factors of k?
179
Suppose 273*q - 885060 = 237*q. List the prime factors of q.
3, 5, 11, 149
List the prime factors of -3*20*(704/80 - 16).
2, 3
Suppose 25*l - 1078 = 4347. Suppose 11*w - l = 16690. What are the prime factors of w?
29, 53
Let i(t) = 8*t**3 - 8*t**2 + 7*t - 1. Let x(p) = 7*p**3 - 8*p**2 + 7*p. Let q(l) = 6*i(l) - 7*x(l). List the prime factors of q(-4).
2, 107
Let l(s) = s**2 + 5*s + 1. Let u be l(-7). What are the prime factors of (18/10)/(-3) + 1614/u?
107
Let f(m) = m**2 - 5*m + 17. Let l be -4*(3 + -1)/(-4). Suppose 0 = 5*b + l*j - 50, 4*b + j = -0*j + 37. What are the prime factors of f(b)?
41
Suppose 140*w + 1312322 = 5266342. What are the prime factors of w?
61, 463
Let h(w) = 11*w**3 + w - 7. Let x(o) = -36 - o + 2*o**2 + 36 - o**2. Let f(t) = h(t) - 2*x(t). What are the prime factors of f(2)?
79
Let t(f) = 14*f - 10. Let i be t(1). Let x be (18/i)/((-2)/(-168)). Suppose -3*v = 3*d - x, -2*d - 4*v + 0*v = -254. List the prime factors of d.
5
Suppose -3*t + 73 + 68 = 0. Let j = 72 + -67. Suppose -118 = -j*z + t. List the prime factors of z.
3, 11
Let z(d) = -9481*d - 144. List the prime factors of z(-1).
9337
Suppose l + 26028 = 5*v, v = -3*l - l + 5214. What are the prime factors of v?
2, 19, 137
Let j(b) = 12*b**2 - 32*b + 208. Suppose 23*y = 6 + 132. What are the prime factors of j(y)?
2, 7
Suppose 71 = -2*h + 4*r + 4601, -2*r - 6787 = -3*h. What are the prime factors of h?
7, 17, 19
Suppose -2*y - 4*l = -16, -3*y + 5*l - 15 = -61. Suppose 0 = -2*g - y*g + 28. Suppose -g*t = 37 - 99. What are the prime factors of t?
31
Let m = 1701 + 3287. What are the prime factors of m?
2, 29, 43
Let h(u) = -u**2 - 17*u + 26. Let g be h(-18). What are the prime factors of (-22)/(-88) - (-3526)/g?
3, 7
Suppose -5*x + g + 16 = 0, -6*x + 10 = -3*x - g. Suppose -x*k + 4106 = -1501. What are the prime factors of k?
3, 7, 89
Suppose 218*z - 434671 = 3297657 - 527074. List the prime factors of z.
3, 13, 29
Suppose -134 = 3*y + 19. Let n be (-5)/((-20)/12) + y/(-1). Let o = n - -8. What are the prime factors of o?
2, 31
Suppose -11*l + 4528 = -19*l. Let o = 1176 + l. What are the prime factors of o?
2, 5, 61
Suppose 5916 = 11*s - 6*s - 3*w, -4725 = -4*s + 5*w. List the prime factors of s.
3, 5, 79
List the prime factors of 8/(-14) - (-2678778)/252 - 9/(-18).
2, 5, 1063
List the prime factors of (-13)/((-351)/18) + -18124*28/(-12).
2, 5, 4229
Let z = -311 - -317. What are the prime factors of ((-2636)/(-16))/(z + (-92)/16)?
659
Suppose j = s + 2789, 6*s - 5590 = -2*j + 5*s. What are the prime factors of j?
3, 7, 19
Let p be (-1)/(0 + 1/(-4)). Suppose -19*x + 4071 = p*x. List the prime factors of x.
3, 59
Let l be (-160)/(-96) + 1/3 + 3. Let o(z) = 2*z**2 - 2 + 8 - z + 0*z. What are the prime factors of o(l)?
3, 17
Let w(y) = y**3 + 3*y**2 - 6*y - 11. Let s be w(-4). List the prime factors of (2 + s)/(10/(-1010)).
101
Suppose 3*x - 102 = -3*x. Suppose 0 = -5*a - 5*b - 90, 41 = -3*a - 2*b - x. Let j = a + 61. List the prime factors of j.
3, 13
Let o(s) = 44*s**2 + 34*s - 21. What are the prime factors of o(-10)?
7, 577
Suppose -q + 0 = -v - 10, 3*q = -4*v + 37. Suppose -q*d + 6*d = 5200. What are the prime factors of (12/5)/((-32)/d)?
2, 3, 13
Let k = 575 + -303. Suppose -k = -207*w + 203*w. List the prime factors of w.
2, 17
Suppose -q - 2136 = -9*q. Let c = 507 - q. What are the prime factors of c?
2, 3, 5
Let y = 167 + 17087. What are the prime factors of y?
2, 8627
Let g = 8549 + -6405. List the prime factors of g.
2, 67
Let t(z) = -z + 99. Let j be t(15). Suppose 2*v - 440 = -u, -1245 = -3*u - 3*v + j. What are the prime factors of u?
2, 223
Let d(b) = -5*b**3 - 6*b**2 + 15 - 8*b**3 - 12*b + 9*b. List the prime factors of d(-3).
3, 107
Suppose 0 = 9*u - 6203 - 11905. Suppose -7*a + 368 + u = 0. List the prime factors of a.
2, 5, 17
Suppose -5*a + 4 = -3*a. Let m = -217 + 287. Suppose -a*f + m + 28 = -x, 4*x - 208 = -4*f. What are the prime factors of f?
2, 5
Suppose -27559 = 25*m - 32*m. Let s = -2640 + m. List the prime factors of s.
1297
List the prime factors of (27831/(-5))/(69/(-115)).
9277
Suppose -89*a = -76*a - 1404. Let k(o) = -o**2 + o + 7. Let h be k(0). Suppose h*t - 172 = a. What are the prime factors of t?
2, 5
List the prime factors of (-36)/78 + (-87717)/(-13).
3, 13, 173
Let r = -8616 + 13115. List the prime factors of r.
11, 409
Let j be (-43)/8 - 21/(-56). Let t(x) = -x**3 - 6*x**2 - 9*x - 17. Let z be t(j). Suppose 0 = -z*u + 12, 2*p + 3*u + 0 = 102. What are the prime factors of p?
3, 5
Let z be (-3126)/(28/(-8) + 2). Suppose 5*k = 3*x - 1781, -5*x + 3*k = -879 - z. What are the prime factors of x?
2, 37
Let n(b) = -b**3 - 6*b**2 + 5*b + 2. Let d be n(-7). Let y be (-75)/20 - 4/d. Let i(h) = -h**3 - h**2 + 6*h + 2. What are the prime factors of i(y)?
2, 13
Let l(f) = 358*f**3 + f**2 + f - 1. Suppose 4*m - 8*w + 3*w - 9 = 0, w = 2*m - 3. What are the prime factors of l(m)?
359
Let o(h) = -51*h**2 - 8*h - 51. Let b be o(-4). Let d = -484 - b. List the prime factors of d.
3, 13
Let j(f) = -f**3 + 3*f**2 + 6*f - 4. Let z be j(4). What are the prime factors of (194/z)/(3/12)?
2, 97
Let o = 7982 - -13291. What are the prime factors of o?
3, 7, 1013
Suppose -10*u = 57127 - 208776 - 29271. What are the prime factors of u?
2, 4523
Suppose 17*l = 18*l - 3*h + 15, 0 = l + h - 1. Let j = 166 + l. List the prime factors of j.
163
Suppose -5*g + 155860 = 4*w, -w - 2*g + 21224 = -17735. List the prime factors of w.
5, 1559
Let l = 58973 - 38772. What are the prime factors of l?
20201
Let x = -1071 - -3089. List the prime factors of x.
2, 1009
Let f(j) be the first derivative of -j**4 - 5*j**3/3 - 3*j**2 - j + 28. Let d be f(-4). Suppose -z = -0*z - h - d, -2*h = -2. List the prime factors of z.
2, 5
What are the prime factors of 2433866/530 + 1/((-15)/18)?
4591
Suppose -w = -5*q + 8433, -5832 - 906 = -4*q + 5*w. Suppose 11*b = 3*h + 6*b - 2528, -3*b - q = -2*h. What are the prime factors of h?
23, 37
Suppose 0 = 8537*d - 8551*d + 117768. List the prime factors of d.
2, 3, 701
Let d(u) = -59 + 9*u - 3 - 16 + u**2. List the prime factors of d(-45).
2, 3, 257
Suppose -2*o = 32 - 36. Suppose o*i + 3*q - 1024 = 4*q, 0 = 4*i - 3*q - 2050. What are the prime factors of i?
7, 73
Let z = 44 + -36. Let g(p) = -4*p - 17. Let b be g(z). Let v = -43 - b. What are the prime factors of v?
2, 3
Let o = -109211 + 185485. List the prime factors of o.
2, 11, 3467
Suppose -225*t + 405*t - 4259100 - 1224240 = 0. What are the prime factors of t?
41, 743
Suppose 8*d = 5 + 27. What are the prime factors of (-7960)/(-15) - d/(-18)*-3?
2, 5, 53
Let g(k) = -2*k**2 - 26*k - 42. Let s be g(-11). Suppose 318 + 522 = s*a. List the prime factors of a.
2, 3, 5, 7
Let z(s) = -6*s - 163. Let u be z(37). Let n = u + 913. List the prime factors of n.
2, 3, 11
Suppose -5*i - 41 = 4*d - 2, -2*d = i + 21. Let p(n) be the first derivative of -n**4/4 - 3*n**3 + 15*n**2/2 - 5*n - 1. What are the prime factors of p(d)?
2, 3
Let f = 1286 - -136. Suppose 6*o - f = -2*g + 4*o, g = -4*o + 708. List the prime factors of g.
2, 89
Let v(o) = -227*o**3 - 8*o**2 - 22*o - 49. What are the prime factors of v(-3)?
2, 3037
Suppose 0 = 30*d - 32*d - 16*d + 412668. List the prime factors of d.
2, 3, 3821
Let x(f) = 3065*f + 182. What are the prime factors of x(3)?
9377
Suppose 0 = w - 5*n - 16690, -69*w - 66672 = -73*w - 2*n. List the prime factors of w.
2, 5, 1667
Let q be 1/(-3)*(-2949 + 24). Suppose 23*a - 18*a = q. List the prime factors of a.
3, 5, 13
Let f be 4/(-14) - ((-3906)/(-49) - 4). What are the prime factors of 7 - 6*f/6?
83
Suppose 32 = 4*p - 0*p. Let v = p - 6. Suppose v*d - 332 = -2*d. What are the prime factors of d?
83
Suppose 0 = 4*g - 5*c - 57, -2*g + 4*c + 27 + 9 = 0. List the prime factors of (3 - (g - -1)) + 233.
227
Let b(v) = -20*v + 33. Let a be b(-7). List the prime factors of -6 + (a - (4 + -5)).
2, 3, 7
Let w(l) = 331*l - 7038. List the prime factors of w(81).
3, 13
Suppose 5*m = 4*m + 1. Let w = m + -15. L